{"id":296,"date":"2020-12-03T21:12:27","date_gmt":"2020-12-03T21:12:27","guid":{"rendered":"https:\/\/kunstamoiherschaun.at\/?page_id=296"},"modified":"2022-07-02T05:33:07","modified_gmt":"2022-07-02T03:33:07","slug":"impressum","status":"publish","type":"page","link":"https:\/\/kunstamoiherschaun.at\/?page_id=296","title":{"rendered":"Impressum"},"content":{"rendered":"<style>#kt-layout-id_b7d091-15 > .kt-row-column-wrap{align-content:start;}:where(#kt-layout-id_b7d091-15 > .kt-row-column-wrap) > .wp-block-kadence-column{justify-content:start;}#kt-layout-id_b7d091-15 > .kt-row-column-wrap{column-gap:var(--global-kb-gap-md, 2rem);row-gap:var(--global-kb-gap-md, 2rem);max-width:var( --global-content-width, 1290px );padding-left:var(--global-content-edge-padding);padding-right:var(--global-content-edge-padding);padding-top:var( --global-kb-row-default-top, 25px );padding-bottom:var( --global-kb-row-default-bottom, 25px );padding-top:60px;padding-bottom:60px;grid-template-columns:minmax(0, 1fr);}#kt-layout-id_b7d091-15 > .kt-row-layout-overlay{opacity:0.30;}@media all and (max-width: 1024px){#kt-layout-id_b7d091-15 > .kt-row-column-wrap{grid-template-columns:minmax(0, 1fr);}}@media all and (max-width: 767px){#kt-layout-id_b7d091-15 > .kt-row-column-wrap{grid-template-columns:minmax(0, 1fr);}}<\/style>\n<div class=\"wp-block-kadence-rowlayout alignnone\"><div id=\"kt-layout-id_b7d091-15\" class=\"kt-row-layout-inner kt-layout-id_b7d091-15\"><div class=\"kt-row-column-wrap kt-has-1-columns kt-gutter-default kt-v-gutter-default kt-row-valign-top kt-row-layout-equal kt-tab-layout-inherit kt-m-colapse-left-to-right kt-mobile-layout-row kb-theme-content-width\"><style>.kadence-column_cc5252-bf > .kt-inside-inner-col{border-top-width:0px;border-right-width:0px;border-bottom-width:0px;border-left-width:0px;}.kadence-column_cc5252-bf > .kt-inside-inner-col,.kadence-column_cc5252-bf > .kt-inside-inner-col:before{border-top-left-radius:0px;border-top-right-radius:0px;border-bottom-right-radius:0px;border-bottom-left-radius:0px;}.kadence-column_cc5252-bf > .kt-inside-inner-col{column-gap:var(--global-kb-gap-sm, 1rem);}.kadence-column_cc5252-bf > .kt-inside-inner-col{flex-direction:column;}.kadence-column_cc5252-bf > .kt-inside-inner-col > .aligncenter{width:100%;}.kadence-column_cc5252-bf > .kt-inside-inner-col:before{opacity:0.3;}.kadence-column_cc5252-bf{position:relative;}@media all and (max-width: 1024px){.kadence-column_cc5252-bf > .kt-inside-inner-col{flex-direction:column;justify-content:center;}}@media all and (max-width: 767px){.kadence-column_cc5252-bf > .kt-inside-inner-col{flex-direction:column;justify-content:center;}}<\/style>\n<div class=\"wp-block-kadence-column inner-column-1 kadence-column_cc5252-bf\"><div class=\"kt-inside-inner-col\">\n<p><strong>Impressum<\/strong><\/p>\n\n\n\n<p>KUNST amoi herschaun &#8230; zum Hofer Adventpfad<\/p>\n\n\n\n<p>Ein Projekt der Marktgemeinde Hof \/ Lbg in Zusammenarbeit mit den Vereinen, Bildungsinstitutionen und B\u00fcrgern.<\/p>\n\n\n\n<p>F\u00fcr die Inhalte sind die jeweiligen Projektpartner verantwortlich. Texte, Bilder und Videos wurden von diesen zur Verf\u00fcgung gestellt.<\/p>\n\n\n\n<p>Marktgemeinde Hof \/ Lbg. &#8211; Kulturressort<\/p>\n\n\n\n<p>Hauptplatz 1<\/p>\n\n\n\n<p>2451 Hof am Leithaberge<\/p>\n\n\n\n<p>\u00d6sterreich<\/p>\n\n\n\n<p>Gemeindeamt Hof<\/p>\n\n\n\n<p>02168\/62393<\/p>\n\n\n\n<p><a href=\"mailto:gemeinde@hof-leithaberge.gv.at\" data-type=\"mailto\" data-id=\"mailto:gemeinde@hof-leithaberge.gv.at\" target=\"_blank\" rel=\"noreferrer noopener\"><a href=\"mailto:gemeinde@hof-leithaberge.gv.at\">gemeinde@hof-leithaberge.gv.at<\/a><\/a><\/p>\n\n\n\n<p>Gestaltung<\/p>\n\n\n\n<p>Stefan Germershausen, Kulturbeauftragter<\/p>\n\n\n\n<p><strong>Haftungsausschluss<\/strong><\/p>\n\n\n\n<p><strong>Inhalt des Onlineangebotes<\/strong><\/p>\n\n\n\n<p>Die jeweiligen Autoren \u00fcbernehmen keinerlei Gew\u00e4hr f\u00fcr die Aktualit\u00e4t, Richtigkeit und Vollst\u00e4ndigkeit der bereitgestellten Informationen auf&nbsp;der Website. Haftungsanspr\u00fcche gegen die Autoren, welche sich auf Sch\u00e4den materieller oder ideeller Art beziehen, die durch die Nutzung oder Nichtnutzung der dargebotenen Informationen bzw. durch die Nutzung fehlerhafter und unvollst\u00e4ndiger Informationen verursacht wurden, sind grunds\u00e4tzlich ausgeschlossen, sofern seitens der Autoren kein nachweislich vors\u00e4tzliches oder grob fahrl\u00e4ssiges Verschulden vorliegt.<\/p>\n\n\n\n<p>Alle Angebote sind freibleibend und unverbindlich. Die Autoren behalten es sich ausdr\u00fccklich vor, Teile der Seiten oder das gesamte Angebot ohne gesonderte Ank\u00fcndigung zu ver\u00e4ndern, zu erg\u00e4nzen, zu l\u00f6schen oder die Ver\u00f6ffentlichung zeitweise oder endg\u00fcltig einzustellen.<\/p>\n\n\n\n<p><strong>Verweise und Links<\/strong><\/p>\n\n\n\n<p>Bei direkten oder indirekten Verweisen auf fremde Webseiten (\u201cHyperlinks\u201d), die au\u00dferhalb des Verantwortungsbereiches der Autoren liegen, w\u00fcrde eine Haftungsverpflichtung ausschlie\u00dflich in dem Fall in Kraft treten, in dem die Autoren von den Inhalten Kenntnis haben und es ihnen technisch m\u00f6glich und zumutbar w\u00e4re, die Nutzung im Falle rechtswidriger Inhalte zu verhindern.<\/p>\n\n\n\n<p>Die Autoren erkl\u00e4ren hiermit ausdr\u00fccklich, dass zum Zeitpunkt der Linksetzung keine illegalen Inhalte auf den zu verlinkenden Seiten erkennbar waren. Auf die aktuelle und zuk\u00fcnftige Gestaltung, die Inhalte oder die Urheberschaft der verlinkten\/verkn\u00fcpften Seiten haben die Autoren keinerlei Einfluss. Deshalb distanziert&nbsp;sie&nbsp;sich hiermit ausdr\u00fccklich von allen Inhalten aller verlinkten \/verkn\u00fcpften Seiten, die nach der Linksetzung ver\u00e4ndert wurden. Diese Feststellung gilt f\u00fcr alle innerhalb des eigenen Internetangebotes gesetzten Links und Verweise sowie f\u00fcr Fremdeintr\u00e4ge in von den Autoren eingerichteten G\u00e4steb\u00fcchern, Diskussionsforen, Linkverzeichnissen, Mailinglisten und in allen anderen Formen von Datenbanken, auf deren Inhalt externe Schreibzugriffe m\u00f6glich sind. F\u00fcr illegale, fehlerhafte oder unvollst\u00e4ndige Inhalte und insbesondere f\u00fcr Sch\u00e4den, die aus der Nutzung oder Nichtnutzung solcherart dargebotener Informationen entstehen, haftet allein der Anbieter der Seite, auf welche verwiesen wurde, nicht derjenige, der \u00fcber Links auf die jeweilige Ver\u00f6ffentlichung lediglich verweist.<\/p>\n\n\n\n<p><strong>Urheber- und Kennzeichenrecht<\/strong><\/p>\n\n\n\n<p>Die Autoren&nbsp;sind bestrebt, in allen Publikationen die Urheberrechte der verwendeten Bilder, Grafiken, Tondokumente, Videosequenzen und Texte zu beachten, von ihnen selbst erstellte Bilder, Grafiken, Tondokumente, Videosequenzen und Texte zu nutzen oder auf lizenzfreie Grafiken, Tondokumente, Videosequenzen und Texte zur\u00fcckzugreifen.<\/p>\n\n\n\n<p>Alle innerhalb des Internetangebotes genannten und ggf. durch Dritte gesch\u00fctzten Marken- und Warenzeichen unterliegen uneingeschr\u00e4nkt den Bestimmungen des jeweils g\u00fcltigen Kennzeichenrechts und den Besitzrechten der jeweiligen eingetragenen Eigent\u00fcmer. Allein aufgrund der blo\u00dfen Nennung ist nicht der Schluss zu ziehen, dass Markenzeichen nicht durch Rechte Dritter gesch\u00fctzt sind!<\/p>\n\n\n\n<p>Das Copyright f\u00fcr ver\u00f6ffentlichte, von den Autoren selbst erstellte Objekte bleibt allein beim Autor der Seiten. Eine Vervielf\u00e4ltigung oder Verwendung solcher Grafiken, Tondokumente, Videosequenzen und Texte in anderen elektronischen oder gedruckten Publikationen ist ohne ausdr\u00fcckliche Zustimmung der jeweiligen Autoren nicht gestattet.<\/p>\n\n\n\n<p><strong>Datenschutz<\/strong><\/p>\n\n\n\n<p>Sofern innerhalb des Internetangebotes die M\u00f6glichkeit zur Eingabe pers\u00f6nlicher oder gesch\u00e4ftlicher Daten (Emailadressen, Namen, Anschriften) besteht, so erfolgt die Preisgabe dieser Daten seitens des Nutzers auf ausdr\u00fccklich freiwilliger Basis. Die Inanspruchnahme und Bezahlung aller angebotenen Dienste ist \u2013 soweit technisch m\u00f6glich und zumutbar \u2013 auch ohne Angabe solcher Daten bzw. unter Angabe anonymisierter Daten oder eines Pseudonyms gestattet. Die Nutzung der im Rahmen des Impressums oder vergleichbarer Angaben ver\u00f6ffentlichten Kontaktdaten wie Postanschriften, Telefon- und Faxnummern sowie Emailadressen durch Dritte zur \u00dcbersendung von nicht ausdr\u00fccklich angeforderten Informationen ist nicht gestattet. Rechtliche Schritte gegen die Versender von sogenannten Spam-Mails bei Verst\u00f6ssen gegen dieses Verbot sind ausdr\u00fccklich vorbehalten.<\/p>\n<\/div><\/div>\n<\/div><\/div><\/div>\n","protected":false},"excerpt":{"rendered":"<p>Impressum KUNST amoi herschaun &#8230; zum Hofer Adventpfad Ein Projekt der Marktgemeinde Hof \/ Lbg in Zusammenarbeit mit den Vereinen, Bildungsinstitutionen und B\u00fcrgern. F\u00fcr die Inhalte sind die jeweiligen Projektpartner verantwortlich. Texte, Bilder und Videos wurden von diesen zur Verf\u00fcgung gestellt. Marktgemeinde Hof \/ Lbg. &#8211; Kulturressort Hauptplatz 1 2451 Hof am Leithaberge \u00d6sterreich Gemeindeamt&#8230;<\/p>\n","protected":false},"author":1,"featured_media":0,"parent":0,"menu_order":0,"comment_status":"closed","ping_status":"closed","template":"","meta":{"_kadence_starter_templates_imported_post":false,"_kad_post_transparent":"","_kad_post_title":"","_kad_post_layout":"","_kad_post_sidebar_id":"","_kad_post_content_style":"","_kad_post_vertical_padding":"","_kad_post_feature":"","_kad_post_feature_position":"","_kad_post_header":false,"_kad_post_footer":false,"footnotes":""},"class_list":["post-296","page","type-page","status-publish","hentry"],"yoast_head":"<!-- This site is optimized with the Yoast SEO plugin v25.4 - https:\/\/yoast.com\/wordpress\/plugins\/seo\/ -->\n<title>Impressum - KUNST amoi herschaun<\/title>\n<meta name=\"robots\" content=\"index, follow, max-snippet:-1, max-image-preview:large, max-video-preview:-1\" \/>\n<link rel=\"canonical\" href=\"https:\/\/kunstamoiherschaun.at\/?page_id=296\" \/>\n<meta property=\"og:locale\" content=\"de_DE\" \/>\n<meta property=\"og:type\" content=\"article\" \/>\n<meta property=\"og:title\" content=\"Impressum - KUNST amoi herschaun\" \/>\n<meta property=\"og:description\" content=\"Impressum KUNST amoi herschaun &#8230; zum Hofer Adventpfad Ein Projekt der Marktgemeinde Hof \/ Lbg in Zusammenarbeit mit den Vereinen, Bildungsinstitutionen und B\u00fcrgern. F\u00fcr die Inhalte sind die jeweiligen Projektpartner verantwortlich. Texte, Bilder und Videos wurden von diesen zur Verf\u00fcgung gestellt. Marktgemeinde Hof \/ Lbg. &#8211; Kulturressort Hauptplatz 1 2451 Hof am Leithaberge \u00d6sterreich Gemeindeamt...\" \/>\n<meta property=\"og:url\" content=\"https:\/\/kunstamoiherschaun.at\/?page_id=296\" \/>\n<meta property=\"og:site_name\" content=\"KUNST amoi herschaun\" \/>\n<meta property=\"article:modified_time\" content=\"2022-07-02T03:33:07+00:00\" \/>\n<meta name=\"twitter:card\" content=\"summary_large_image\" \/>\n<meta name=\"twitter:label1\" content=\"Gesch\u00e4tzte Lesezeit\" \/>\n\t<meta name=\"twitter:data1\" content=\"4\u00a0Minuten\" \/>\n<script type=\"application\/ld+json\" class=\"yoast-schema-graph\">{\"@context\":\"https:\/\/schema.org\",\"@graph\":[{\"@type\":\"WebPage\",\"@id\":\"https:\/\/kunstamoiherschaun.at\/?page_id=296\",\"url\":\"https:\/\/kunstamoiherschaun.at\/?page_id=296\",\"name\":\"Impressum - KUNST amoi herschaun\",\"isPartOf\":{\"@id\":\"https:\/\/kunstamoiherschaun.at\/#website\"},\"datePublished\":\"2020-12-03T21:12:27+00:00\",\"dateModified\":\"2022-07-02T03:33:07+00:00\",\"breadcrumb\":{\"@id\":\"https:\/\/kunstamoiherschaun.at\/?page_id=296#breadcrumb\"},\"inLanguage\":\"de\",\"potentialAction\":[{\"@type\":\"ReadAction\",\"target\":[\"https:\/\/kunstamoiherschaun.at\/?page_id=296\"]}]},{\"@type\":\"BreadcrumbList\",\"@id\":\"https:\/\/kunstamoiherschaun.at\/?page_id=296#breadcrumb\",\"itemListElement\":[{\"@type\":\"ListItem\",\"position\":1,\"name\":\"Startseite\",\"item\":\"https:\/\/kunstamoiherschaun.at\/\"},{\"@type\":\"ListItem\",\"position\":2,\"name\":\"Impressum\"}]},{\"@type\":\"WebSite\",\"@id\":\"https:\/\/kunstamoiherschaun.at\/#website\",\"url\":\"https:\/\/kunstamoiherschaun.at\/\",\"name\":\"KUNST amoi herschaun\",\"description\":\"... zum Hofer Adventspfad\",\"publisher\":{\"@id\":\"https:\/\/kunstamoiherschaun.at\/#organization\"},\"potentialAction\":[{\"@type\":\"SearchAction\",\"target\":{\"@type\":\"EntryPoint\",\"urlTemplate\":\"https:\/\/kunstamoiherschaun.at\/?s={search_term_string}\"},\"query-input\":{\"@type\":\"PropertyValueSpecification\",\"valueRequired\":true,\"valueName\":\"search_term_string\"}}],\"inLanguage\":\"de\"},{\"@type\":\"Organization\",\"@id\":\"https:\/\/kunstamoiherschaun.at\/#organization\",\"name\":\"KUNST amoi herschaun\",\"url\":\"https:\/\/kunstamoiherschaun.at\/\",\"logo\":{\"@type\":\"ImageObject\",\"inLanguage\":\"de\",\"@id\":\"https:\/\/kunstamoiherschaun.at\/#\/schema\/logo\/image\/\",\"url\":\"https:\/\/kunstamoiherschaun.at\/wp-content\/uploads\/2020\/12\/page_icon.jpg\",\"contentUrl\":\"https:\/\/kunstamoiherschaun.at\/wp-content\/uploads\/2020\/12\/page_icon.jpg\",\"width\":512,\"height\":512,\"caption\":\"KUNST amoi herschaun\"},\"image\":{\"@id\":\"https:\/\/kunstamoiherschaun.at\/#\/schema\/logo\/image\/\"}}]}<\/script>\n<!-- \/ Yoast SEO plugin. -->","yoast_head_json":{"title":"Impressum - KUNST amoi herschaun","robots":{"index":"index","follow":"follow","max-snippet":"max-snippet:-1","max-image-preview":"max-image-preview:large","max-video-preview":"max-video-preview:-1"},"canonical":"https:\/\/kunstamoiherschaun.at\/?page_id=296","og_locale":"de_DE","og_type":"article","og_title":"Impressum - KUNST amoi herschaun","og_description":"Impressum KUNST amoi herschaun &#8230; zum Hofer Adventpfad Ein Projekt der Marktgemeinde Hof \/ Lbg in Zusammenarbeit mit den Vereinen, Bildungsinstitutionen und B\u00fcrgern. F\u00fcr die Inhalte sind die jeweiligen Projektpartner verantwortlich. Texte, Bilder und Videos wurden von diesen zur Verf\u00fcgung gestellt. Marktgemeinde Hof \/ Lbg. &#8211; Kulturressort Hauptplatz 1 2451 Hof am Leithaberge \u00d6sterreich Gemeindeamt...","og_url":"https:\/\/kunstamoiherschaun.at\/?page_id=296","og_site_name":"KUNST amoi herschaun","article_modified_time":"2022-07-02T03:33:07+00:00","twitter_card":"summary_large_image","twitter_misc":{"Gesch\u00e4tzte Lesezeit":"4\u00a0Minuten"},"schema":{"@context":"https:\/\/schema.org","@graph":[{"@type":"WebPage","@id":"https:\/\/kunstamoiherschaun.at\/?page_id=296","url":"https:\/\/kunstamoiherschaun.at\/?page_id=296","name":"Impressum - KUNST amoi herschaun","isPartOf":{"@id":"https:\/\/kunstamoiherschaun.at\/#website"},"datePublished":"2020-12-03T21:12:27+00:00","dateModified":"2022-07-02T03:33:07+00:00","breadcrumb":{"@id":"https:\/\/kunstamoiherschaun.at\/?page_id=296#breadcrumb"},"inLanguage":"de","potentialAction":[{"@type":"ReadAction","target":["https:\/\/kunstamoiherschaun.at\/?page_id=296"]}]},{"@type":"BreadcrumbList","@id":"https:\/\/kunstamoiherschaun.at\/?page_id=296#breadcrumb","itemListElement":[{"@type":"ListItem","position":1,"name":"Startseite","item":"https:\/\/kunstamoiherschaun.at\/"},{"@type":"ListItem","position":2,"name":"Impressum"}]},{"@type":"WebSite","@id":"https:\/\/kunstamoiherschaun.at\/#website","url":"https:\/\/kunstamoiherschaun.at\/","name":"KUNST amoi herschaun","description":"... zum Hofer Adventspfad","publisher":{"@id":"https:\/\/kunstamoiherschaun.at\/#organization"},"potentialAction":[{"@type":"SearchAction","target":{"@type":"EntryPoint","urlTemplate":"https:\/\/kunstamoiherschaun.at\/?s={search_term_string}"},"query-input":{"@type":"PropertyValueSpecification","valueRequired":true,"valueName":"search_term_string"}}],"inLanguage":"de"},{"@type":"Organization","@id":"https:\/\/kunstamoiherschaun.at\/#organization","name":"KUNST amoi herschaun","url":"https:\/\/kunstamoiherschaun.at\/","logo":{"@type":"ImageObject","inLanguage":"de","@id":"https:\/\/kunstamoiherschaun.at\/#\/schema\/logo\/image\/","url":"https:\/\/kunstamoiherschaun.at\/wp-content\/uploads\/2020\/12\/page_icon.jpg","contentUrl":"https:\/\/kunstamoiherschaun.at\/wp-content\/uploads\/2020\/12\/page_icon.jpg","width":512,"height":512,"caption":"KUNST amoi herschaun"},"image":{"@id":"https:\/\/kunstamoiherschaun.at\/#\/schema\/logo\/image\/"}}]}},"jetpack_sharing_enabled":true,"_links":{"self":[{"href":"https:\/\/kunstamoiherschaun.at\/index.php?rest_route=\/wp\/v2\/pages\/296","targetHints":{"allow":["GET"]}}],"collection":[{"href":"https:\/\/kunstamoiherschaun.at\/index.php?rest_route=\/wp\/v2\/pages"}],"about":[{"href":"https:\/\/kunstamoiherschaun.at\/index.php?rest_route=\/wp\/v2\/types\/page"}],"author":[{"embeddable":true,"href":"https:\/\/kunstamoiherschaun.at\/index.php?rest_route=\/wp\/v2\/users\/1"}],"replies":[{"embeddable":true,"href":"https:\/\/kunstamoiherschaun.at\/index.php?rest_route=%2Fwp%2Fv2%2Fcomments&post=296"}],"version-history":[{"count":2,"href":"https:\/\/kunstamoiherschaun.at\/index.php?rest_route=\/wp\/v2\/pages\/296\/revisions"}],"predecessor-version":[{"id":811,"href":"https:\/\/kunstamoiherschaun.at\/index.php?rest_route=\/wp\/v2\/pages\/296\/revisions\/811"}],"wp:attachment":[{"href":"https:\/\/kunstamoiherschaun.at\/index.php?rest_route=%2Fwp%2Fv2%2Fmedia&parent=296"}],"curies":[{"name":"wp","href":"https:\/\/api.w.org\/{rel}","templated":true}]}}